s(3).
9
Let m(a) = -a**3 + 9*a**2 + a - 23. Calculate m(8).
49
Let q(s) = -5*s**2 - 3*s - 3. Give q(-1).
-5
Let p(a) = 11*a**2 - 5*a - 5. Calculate p(3).
79
Let r(c) = 8*c - 4. Calculate r(6).
44
Let v(m) = -m**3 + 15*m**2 - 43*m - 7. Determine v(11).
4
Let o(z) = -z**2 - 6*z + 23. Calculate o(-10).
-17
Let s(f) = -2*f**2 - 6*f + 32. Determine s(-7).
-24
Let w(d) = d**2 - 10*d - 8. What is w(11)?
3
Let n(q) = -q**3 + 16*q**2 + 16*q + 9. Calculate n(17).
-8
Let r(h) = -2*h + 4. Determine r(2).
0
Let t(o) = o**3 - 19*o**2 + 51*o - 54. Calculate t(16).
-6
Let w(c) = -2*c - 2. What is w(-6)?
10
Let h(z) = -z**3 - 3*z**2 + 9. Give h(0).
9
Let k(l) = -23*l**3 + l**2 - 1. Calculate k(1).
-23
Let z(p) = p**2 + 13*p + 30. Determine z(-9).
-6
Let v(x) = -6*x + 26. Give v(5).
-4
Let x(a) = -2*a - 4. Give x(-2).
0
Let z(l) = -9*l**2 - 36*l - 4. What is z(-4)?
-4
Let c(i) = -i**2 + i + 4. Calculate c(-3).
-8
Let p(u) = -2*u**3 + 7*u**2 + 2*u + 20. Determine p(4).
12
Let x(z) = z**2 + 7*z + 2. Determine x(-7).
2
Let y(z) = -7*z - 1. Determine y(3).
-22
Let n(z) = -3*z**2 + 8*z - 25. What is n(5)?
-60
Let m(s) = -10*s**3 - 3*s**2 - 2*s. Give m(-1).
9
Let t(q) = 83*q**3 - 3*q + 2. What is t(1)?
82
Let u(w) = -w**2 + 27*w - 7. Give u(27).
-7
Let v(m) = -m**2 - 11*m + 6. Calculate v(-11).
6
Let g(u) = -19*u - 3. Determine g(-2).
35
Let m(u) = -2*u**2 + 84*u - 481. Calculate m(7).
9
Let d(m) = -m**3 - 21*m**2 - 36*m + 20. Determine d(-19).
-18
Let c(s) = 3*s**3 - 3*s**2 + s - 1. Calculate c(2).
13
Let i(m) = 13*m**3 + 3*m**2 - 7*m + 5. Give i(1).
14
Let w(d) = d**3 + 4*d**2 - 13*d - 4. What is w(-5)?
36
Let i(l) = 4*l + 253. Calculate i(-64).
-3
Let z(a) = -a**2 - 29*a + 72. What is z(-31)?
10
Let x(s) = s**2 - 5*s - 3. Give x(5).
-3
Let p(t) = 23*t - 16. Calculate p(-4).
-108
Let p(g) = g**3 - 12*g**2 - 51*g + 81. Give p(15).
-9
Let b(x) = 3*x + 9. Calculate b(6).
27
Let r(f) = 18*f**2 - 3*f + 2. Calculate r(-1).
23
Let l(r) = -5*r + 60. Give l(12).
0
Let l(w) = -3*w**2 + 4*w - 4. What is l(2)?
-8
Let d(h) = -2*h + 36. What is d(0)?
36
Let f(q) = -14*q. Calculate f(2).
-28
Let u(q) = -q - 24. What is u(-11)?
-13
Let o(l) = -3*l**3 - 2*l + 1. Give o(1).
-4
Let v(l) = -2*l**2 + 8*l + 10. What is v(7)?
-32
Let p(k) = 7*k + 1. Calculate p(-2).
-13
Let u(r) = 2*r**2 - 63*r + 66. Determine u(30).
-24
Let f(x) = 16*x - 158. Determine f(6).
-62
Let r(y) = 9*y - 144. Give r(16).
0
Let z(l) = l**3 - 20*l**2 + 16*l - 20. Determine z(19).
-77
Let o(j) = -j**3 - 7*j**2 - 6*j - 5. Calculate o(-6).
-5
Let a(o) = 8*o**3 - 8*o + 8. Give a(2).
56
Let d(n) = -4*n**2 + 35*n + 5. Give d(9).
-4
Let o(z) = z**2 - 4*z - 218. Give o(-13).
3
Let w(a) = -a**2 - 11. Determine w(-6).
-47
Let d(s) = s**3 - 8*s**2 + 3*s - 26. Give d(8).
-2
Let g(k) = k**3 + 7*k**2 - 27. Give g(-6).
9
Let y(l) = l**2 - 10*l + 22. What is y(5)?
-3
Let s(y) = 3*y**2 + 24*y + 10. Give s(-8).
10
Let y(p) = -17*p**2. What is y(1)?
-17
Let a(c) = -14*c - 3. What is a(-2)?
25
Let x(w) = 7*w + 22. What is x(7)?
71
Let u(l) = l**3 + 6*l**2 - 5*l - 3. Calculate u(-6).
27
Let p(u) = u + 1. What is p(4)?
5
Let r(j) = -2*j**2 - 11*j - 17. Give r(-2).
-3
Let a(f) = f**2 - 6*f + 3. Calculate a(5).
-2
Let y(v) = v**2 + 9*v + 21. Give y(-6).
3
Let w(n) = n**3 - 11*n**2 + 10*n - 5. Calculate w(10).
-5
Let x(a) = -5*a - 131. Give x(-29).
14
Let c(y) = 14*y - 217. What is c(17)?
21
Let n(a) = -a**3 - 3*a**2 + 3*a + 3. What is n(-3)?
-6
Let k(h) = 4*h + 13. Determine k(-5).
-7
Let w(f) = -f**2 - 10*f - 7. What is w(-8)?
9
Let s(a) = 10*a - 148. Determine s(15).
2
Let m(t) = 6*t**2 - t + 11. Give m(5).
156
Let u(a) = -3*a - 4. What is u(-14)?
38
Let m(h) = -3*h - 7. Determine m(-5).
8
Let g(p) = -p**3 - 6*p**2 + 16*p + 5. What is g(-7)?
-58
Let p(s) = s**3 + 13*s**2 - 13*s - 7. Determine p(-14).
-21
Let i(h) = -h**3 + 19*h**2 - 15*h - 38. Give i(18).
16
Let q(p) = 16*p + 70. What is q(-4)?
6
Let x(r) = -2*r**3 + 55*r**2 - 20*r - 193. Determine x(27).
-4
Let d(p) = p**3 - 2*p**2 - 10*p + 10. Calculate d(4).
2
Let b(r) = -r**3 - 3*r**2 - 2*r + 11. What is b(-3)?
17
Let m(u) = 5*u - 3. Determine m(7).
32
Let v(r) = -r**2 - 20*r + 37. Give v(2).
-7
Let s(m) = m**2 - 26*m + 157. What is s(16)?
-3
Let v(r) = -r**2 - 25*r - 127. Determine v(-18).
-1
Let t(b) = b**3 + 18*b**2 + 17*b + 1. Determine t(-17).
1
Let i(m) = m**3 + 6*m**2 + 2*m. Calculate i(-7).
-63
Let b(w) = 3*w - 2. Give b(-7).
-23
Let q(m) = m**2 + 2*m + 2. Determine q(-4).
10
Let t(i) = -i**3 + i**2 + i + 15. Determine t(0).
15
Let m(n) = n**3 - 8*n**2 + 2*n + 3. Give m(8).
19
Let i(y) = y**3 - 16*y**2 - 4*y + 53. Calculate i(16).
-11
Let j(i) = i - 8. What is j(3)?
-5
Let j(b) = b**3 - 6*b + 9. Calculate j(2).
5
Let s(w) = w**3 + 29*w**2 - 63*w - 21. Calculate s(-31).
10
Let f(m) = m**2 - 12*m + 29. Calculate f(8).
-3
Let f(m) = m**3 - 15*m**2 + 7*m - 16. What is f(15)?
89
Let a(d) = -2*d - 29. Determine a(-17).
5
Let r(p) = -p**2 - 12*p - 18. Calculate r(-14).
-46
Let t(p) = p - 23. Give t(10).
-13
Let y(j) = j**2 + 16*j + 23. Calculate y(-13).
-16
Let w(f) = f. What is w(2)?
2
Let y(z) = -z**3 + 4*z**2 - z + 4. Determine y(3).
10
Let j(c) = -c**2 + 13*c + 31. What is j(16)?
-17
Let b(l) = 4*l**2 + 2*l - 2. Determine b(-2).
10
Let j(i) = -i**2 - 26*i + 37. What is j(-27)?
10
Let p(b) = b - 7. Give p(7).
0
Let s(m) = -8*m - 1. Determine s(-5).
39
Let h(t) = -3*t - 20. Calculate h(-8).
4
Let t(h) = -h**3 - 14*h**2 - 23*h - 1. What is t(-12)?
-13
Let c(u) = u**2 - 6. Determine c(-8).
58
Let p(t) = t**3 - 7*t**2 + 8*t - 7. What is p(5)?
-17
Let v(j) = -4*j**3 - 3*j**2 + 1. Determine v(2).
-43
Let u(g) = -3*g**2 + 22*g + 11. Calculate u(7).
18
Let f(i) = i**2 - 7*i - 36. Calculate f(0).
-36
Let m(l) = l**3 - 4*l - 2. Determine m(-3).
-17
Let b(p) = -p**2 + p + 4. Determine b(-3).
-8
Let d(q) = -2*q**2 + 2*q - 42. What is d(0)?
-42
Let l(q) = -29*q + 3. Determine l(1).
-26
Let x(d) = -d**3 + 8*d**2 - 5*d + 4. Calculate x(4).
48
Let k(b) = -b**2 + 7*b - 4. Determine k(7).
-4
Let n(k) = -15*k - 101. Give n(-7).
4
Let x(n) = -n + 14. Give x(0).
14
Let s(v) = -2*v**3 + 11*v**2 + 20*v - 11. Determine s(7).
-18
Let v(y) = 3*y**2 - 11*y. Determine v(3).
-6
Let s(a) = -a - 4. Determine s(7).
-11
Let o(r) = r - 12. What is o(8)?
-4
Let d(n) = n**2 + 18*n - 52. Determine d(-21).
11
Let n(x) = -3*x**2 - 28*x + 18. Determine n(-9).
27
Let s(j) = 4*j + 12. Give s(-2).
4
Let g(b) = b**2 - 9*b + 6. Give g(7).
-8
Let y(k) = -36*k - 1. Calculate y(-1).
35
Let x(z) = -z**3 + 19*z**2 + 16*z + 106. What is x(20)?
26
Let g(y) = 2*y**2 + 8*y + 7. What is g(-5)?
17
Let x(c) = c**3 - 13*c**2 + 14*c - 11. Give x(12).
13
Let l(r) = -515*r + 2063. What is l(4)?
3
Let l(y) = -12*y + 28. Calculate l(2).
4
Let n(g) = g**3 + 48*g**2 - 102*g - 107. Give n(-50).
-7
Let l(k) = -5*k + 6. What is l(7)?
-29
Let c(d) = -d**3 + 2*d**2 - d - 7. Give c(5).
-87
Let i(l) = 2*l**3 - l**2 + l - 2. Calculate i(0).
-2
Let f(l) = 101*l + 196. What is f(-2)?
-6
Let a(z) = -25*z**3 + z**2 - 19*z - 21. Determine a(-1).
24
Let y(l) = l**2 + 5*l - 39. Give y(-9).
-3
Let n(f) = -6*f - 40. Calculate n(-10).
20
Let s(u) = -u**3 + 10*u**2 + 10*u + 49. What is s(11)?
38
Let c(g) = g**2 - 2*g - 16. What is c(6)?
8
Let v(n) = -n**2 - 12*n + 48. What is v(-18)?
-60
Let k(t) = 12*t - 56. Calculate k(6).
16
Let m(s) = -s**3 + 4*s**2 - s - 1. Determine m(4).
-5
Let o(b) = b**3 + 7*b**2 + 7*b - 8. Determine o(-6).
-14
Let n(v) = 2*v**3 + v + 1. What is n(2)?
19
Let u(y) = -y**3 + 3*y**2 + 10*y - 3. Determine u(5).
-3
Let i(y) = -7*y. Give i(1).
-7
Let u(d) = d + 4. Determine u(6).
10
Let i(t) = -t**3 + 11*t**2 + 22*t + 40. Determine i(13).
-12
Let p(d) = d - 6. What is p(2)?
-4
Let r(p) = -3*p**2 - 2*p + 5. Calculate r(-3).
-16
Let t(w) = -2*w**3 - 13*w**2 + 8*w - 6. What is t(-7)?
-13
Let h(l) = l**3 - 3*l**2 - 23*l + 90. Give h(5).
25
Let i(s) = s**3 - 3*s**2 - 15*s - 14. Determine i(6).
4
Let f(p) = 19*p**2. Determine f(1).
19
Let m(f) = -f - 2. Give m(4).
-6
Let h(t) = 9*t**3 + 2*t**2 - 3*t + 2. Calculate h(1).
10
Let v(w) = -8*w + 49. Give v(6).
1
Let f(p) = -8*p**2 + p. Determine f(2).
-30
Let h(a) = -10*a + 132. Determine h(14).
-8
Let g(z) = 4*z + 20. Calculate g(-7).
-8
Let o(g) = -6*g - 6. Calculate o(-4).
18
Let m(y) = -3*y**